0?
True
Is 258 a factor of 1837810238?
False
Is 340287 a multiple of 10?
False
Is 55 a factor of 553633905?
True
Is 1562236592 a multiple of 1995?
False
Does 3044 divide 299992461?
False
Does 1732 divide 2107844?
True
Is 963855460 a multiple of 68?
True
Does 18 divide 98411124?
False
Is 81644513 a multiple of 95?
False
Is 11146463 a multiple of 4?
False
Is 21 a factor of 28579719?
True
Is 153 a factor of 13584870?
True
Is 3 a factor of 48450522?
True
Is 1540 a factor of 21306429?
False
Is 2332 a factor of 446762370?
False
Is 3472 a factor of 88654048?
True
Is 2725129 a multiple of 254?
False
Is 162 a factor of 6564888?
True
Is 118549752 a multiple of 233?
False
Is 29736311 a multiple of 16?
False
Is 1307068770 a multiple of 70?
True
Does 37 divide 65751271?
False
Is 455 a factor of 18938920?
True
Does 2184 divide 534269625?
False
Is 32604975 a multiple of 639?
True
Is 5372 a factor of 932140297?
False
Is 683595632 a multiple of 62?
True
Does 1727 divide 23198272?
False
Is 7 a factor of 1508058?
False
Is 1988 a factor of 327554808?
True
Is 1449176127 a multiple of 38?
False
Is 275388216 a multiple of 4?
True
Is 9 a factor of 2893149?
True
Does 1233 divide 103340524?
False
Is 22589708 a multiple of 20?
False
Is 226075004 a multiple of 1110?
False
Does 7 divide 11413756?
False
Does 16 divide 247480496?
True
Does 32 divide 126668392?
False
Does 310 divide 54932759?
False
Does 7 divide 1350034721?
True
Is 6 a factor of 33634176?
True
Is 10299 a factor of 2657009212?
False
Is 115 a factor of 2552698409?
False
Is 4 a factor of 6247723?
False
Is 7 a factor of 1169752253?
False
Is 261902592 a multiple of 56?
True
Is 7 a factor of 31817372?
False
Is 9 a factor of 2415896?
False
Does 13 divide 6745861668?
True
Is 27329726 a multiple of 453?
False
Does 149 divide 4003754266?
True
Is 210 a factor of 118255616?
False
Does 17 divide 7894318?
False
Is 13090272 a multiple of 6?
True
Is 2314353195 a multiple of 63?
True
Does 16 divide 57970243?
False
Is 15440149 a multiple of 1303?
False
Is 1363 a factor of 824237449?
True
Is 3942 a factor of 680314332?
False
Is 845419408 a multiple of 40?
False
Does 1546 divide 291663722?
True
Is 73226400 a multiple of 5200?
True
Is 1981200 a multiple of 150?
True
Is 7034780 a multiple of 205?
True
Is 67 a factor of 3190455178?
True
Does 63 divide 83726433?
True
Does 72 divide 881133054?
False
Is 334 a factor of 188630262?
False
Is 621 a factor of 168256224?
True
Does 21 divide 16195536?
True
Is 218929296 a multiple of 222?
True
Is 142274366 a multiple of 106?
True
Does 4470 divide 3530936977?
False
Does 1194 divide 2672333417?
False
Is 245 a factor of 923185758?
False
Is 141 a factor of 699267810?
False
Is 88643338 even?
True
Does 101 divide 17560567?
True
Does 16 divide 33482112?
True
Does 477 divide 573281973?
True
Is 112 a factor of 58940902?
False
Does 469 divide 1666115465?
True
Is 25394710 a multiple of 10?
True
Is 623750072 a multiple of 11?
True
Is 112637697 a multiple of 293?
True
Does 137 divide 2880219911?
True
Is 8 a factor of 418304176?
True
Is 191 a factor of 905669167?
False
Is 15 a factor of 896134026?
False
Is 6628 a factor of 1081805317?
False
Is 927 a factor of 9744507?
False
Is 177 a factor of 4340748?
True
Does 29 divide 13154022?
False
Does 74 divide 3678540?
True
Is 959697766 a multiple of 57?
False
Is 18 a factor of 35743122?
True
Does 83 divide 2561996?
False
Does 686 divide 241174276?
True
Does 81 divide 677833?
False
Is 6794 a factor of 2818147795?
False
Is 126820440 a multiple of 380?
True
Does 4915 divide 1362324655?
False
Does 27 divide 15056052?
False
Does 1193 divide 2716461?
True
Does 11 divide 22591437?
True
Does 236 divide 32953388?
True
Is 390251785 a multiple of 34?
False
Is 109197900 a multiple of 25?
True
Is 5 a factor of 6867201?
False
Is 205855231 a multiple of 27?
False
Does 4515 divide 434039686?
False
Does 322 divide 248713122?
True
Is 65570343 a multiple of 557?
False
Is 384 a factor of 29804160?
True
Does 603 divide 1351530816?
False
Is 44093532 a multiple of 164?
True
Is 51935680 a multiple of 544?
True
Does 83 divide 1737732830?
False
Does 7 divide 119334034?
False
Is 191476517 a multiple of 548?
False
Does 93 divide 4313152?
False
Is 169 a factor of 2189542269?
False
Is 53561508 a multiple of 1716?
True
Is 927874764 a multiple of 1352?
False
Is 218 a factor of 107755945?
False
Is 98 a factor of 14382968?
False
Does 2022 divide 899661751?
False
Is 4008649700 a multiple of 100?
True
Is 721 a factor of 1103140755?
False
Is 344060519 a multiple of 3427?
True
Is 7 a factor of 205722854?
False
Is 11 a factor of 8491967?
True
Is 20 a factor of 642242740?
True
Is 40850913 a multiple of 1750?
False
Is 439419816 a multiple of 132?
True
Does 55 divide 30926206?
False
Does 199 divide 43951491?
False
Does 832 divide 49338652?
False
Is 371 a factor of 483972839?
True
Is 10 a factor of 104266594?
False
Is 301 a factor of 10081393?
True
Does 3238 divide 621223252?
True
Is 823 a factor of 446598677?
False
Is 19 a factor of 190824353?
True
Is 5397712 a multiple of 21?
False
Does 8 divide 3164660?
False
Is 66946944 a multiple of 1252?
True
Does 113 divide 27128160?
False
Is 6 a factor of 1001537830?
False
Is 1407249060 a multiple of 5?
True
Is 504925661 a multiple of 696?
False
Is 165 a factor of 61941495?
True
Is 9 a factor of 2793597552?
True
Is 4 a factor of 5905259?
False
Is 483 a factor of 223187335?
False
Does 11 divide 29645593?
False
Does 2779 divide 681924784?
False
Is 104398199 a multiple of 93?
False
Is 804 a factor of 2033316?
True
Does 16 divide 45230255?
False
Is 227085560 a multiple of 52?
True
Is 84 a factor of 1538912550?
False
Is 129773903 a multiple of 1411?
True
Is 11392379 a multiple of 201?
False
Is 105736464 a multiple of 68?
True
Is 11 a factor of 55966678?
False
Does 567 divide 1300766071?
False
Does 19 divide 14261400?
True
Is 25 a factor of 28040126?
False
Does 25 divide 597274936?
False
Is 48 a factor of 92329632?
True
Is 4 a factor of 4743544?
True
Is 305992112 a multiple of 19?
True
Is 31718956 a multiple of 33?
False
Is 160 a factor of 6354560?
True
Does 113 divide 4421548?
False
Is 7232 a factor of 461075440?
False
Does 1855 divide 42294000?
True
Is 122003420 a multiple of 14?
True
Does 26 divide 18269316?
True
Does 1980 divide 7558354?
False
Is 11 a factor of 204003437?
True
Does 12 divide 961280532?
True
Is 5551 a factor of 155567683?
False
Is 605159341 a multiple of 5113?
True
Does 289 divide 43418326?
False
Is 10 a factor of 662599?
False
Is 140852903 a multiple of 1297?
True
Is 83 a factor of 97569737?
True
Is 1490999 a multiple of 121?
False
Does 9 divide 49854303?
True
Does 413 divide 6045412?
False
Is 15 a factor of 51980115?
True
Is 297 a factor of 38418399?
False
Does 487 divide 41691866?
False
Does 1375 divide 60912500?
True
Does 24 divide 1556215776?
True
Is 66586465 a multiple of 1595?
True
Is 233692236 a multiple of 284?
False
Is 9 a factor of 731081232?
True
Is 30320974 a multiple of 9?
False
Is 278321880 a multiple of 4747?
False
Does 133 divide 199446268?
True
Does 144 divide 851227901?
False
Is 24971625 a multiple of 25?
True
Is 224941164 a multiple of 99?
False
Does 1376 divide 794780588?
False
Is 7064486 a multiple of 22?
True
Is 987 a factor of 637316757?
True
Is 12 a factor of 7138931?
False
Is 340 a factor of 19985880?
True
Is 609 a factor of 5199508?
False
Is 13758894 a multiple of 849?
True
Is 99 a factor of 61201048?
False
Is 51 a factor of 127108181?
False
Is 93203407 a multiple of 803?
True
Does 3 divide 4498287?
True
Is 317797401 a multiple of 392?
False
Does 390 divide 201442410?
True
Does 22 divide 2056125522?
True
Is 11 a factor of 1675143?
False
Does 3293 divide 15018696?
False
Does 777 divide 194385975?
True
Is 41524380 a multiple of 1179?
True
Is 13451699 a multiple of 343?
False
Is 2788618774 a multiple of 17?
False
Is 13 a factor of 636169696?
False
Is 34 a factor of 280098154?
True
Is 27819090 a multiple of 1014?
True
Is 6517134 a multiple of 13?
True
Is 33396313 a multiple of 493?
True
Is 53644575 a multiple of 2505?
True
Is 1175 a factor of 1127046804?
False
Is 26673141 a multiple of 16?
False
Is 331 a factor of 314848517?
False
Is 61 a factor of 12636760?
True
Does 614 divide 31911422?
True
Is 1868 a factor of 134854656